ose s + 20 - 3 = 0. Let q = s + 23. Suppose -5*a - 110 = -5*k, -2*k + q*k = -2*a + 88. What is the units digit of k?
2
Let b be 2704/136 + 2/17. Suppose -b*r = -6*r - 3500. What is the hundreds digit of r?
2
What is the hundreds digit of 3/12 - 3518/(-8)?
4
Let g(o) = -o**3 + 7 - 79*o + 2 + 80*o - 7*o**2. Let l be g(-7). Suppose j = -p + l*j + 24, 0 = -3*p + 4*j + 76. What is the tens digit of p?
2
Let z = 0 - -2. Let q be (-172)/(-28) + z/(-14). What is the units digit of ((-56)/q - -1)*-3?
5
Let q = 29 - 23. Let i = q + -2. Suppose -p - i*u + 52 = p, 0 = -p - u + 30. What is the tens digit of p?
3
Suppose -3*s = -z - 1757, 2*s - 3*s - z = -583. Suppose 4*h - 5*p - 381 = 82, 5*h - 5*p = s. What is the tens digit of h?
2
Let d(n) = -n**3 - 46*n**2 - 48*n + 32. What is the tens digit of d(-45)?
6
Let u be (-40)/(-12)*(2 + 4). Suppose -t - 5 = -3*t + i, -2*t = 4*i + u. Suppose 3*a - 45 = -t. What is the tens digit of a?
1
Suppose 0 = -y + 3*d + 6, 4*d + 4 = 2*y - 10. Let w = y - 7. What is the units digit of w?
2
Let f = -1439 + 2197. What is the hundreds digit of f?
7
Suppose 6*p + 16 = 8*p. Suppose p*u = 1091 - 3. What is the units digit of u?
6
Let i = 49 + -47. Suppose -i*r - 43 = -195. What is the units digit of r?
6
Suppose -19*i - 20 = -15*i. Let b be -387 + i + 4 + -2. What is the tens digit of ((-2)/3)/(20/b)?
1
Let a(m) = m**2 + 8*m - 9. Let n be 11 + -10 - (0 + -3). Suppose n*r + 55 = -r. What is the units digit of a(r)?
4
Let a = 12 - -3. Suppose 0 = 11*y - a*y + 8. What is the units digit of y?
2
Let j(o) = 2*o**2 + 6*o + 3. Let w be j(-6). Suppose -z = 5*a + 316, 0 = 2*a + 4*z + 73 + w. Let y = -41 - a. What is the units digit of y?
3
Let v(g) = -2*g**3 - 98*g**2 - 39*g - 5. What is the hundreds digit of v(-49)?
9
Suppose -6*c = -2*c - 8. What is the tens digit of c/(-3) + (-310)/(-6)?
5
Let f = 205 - -622. What is the tens digit of f?
2
Let v(u) = 206*u**3 + 2*u**2 - 12*u + 11. What is the hundreds digit of v(1)?
2
Let p(g) = 183*g + 509. What is the hundreds digit of p(15)?
2
Suppose -677 = -4*c + 171. What is the hundreds digit of c?
2
Let f(l) = -l**3 - 16*l**2 + 89*l - 17. What is the tens digit of f(-23)?
3
Let s(m) = -m + 4. Let v be s(8). What is the tens digit of v/(-22) + (-1488)/(-44)?
3
Suppose -15*h + 4 + 41 = 0. Suppose o + 10 = -3*i, 0 = -0*o - 3*o + 2*i + 14. Suppose 6*x + h*t - 49 = o*x, 5*x - 4*t = 69. What is the tens digit of x?
1
Suppose 639 - 131 = 4*m. What is the tens digit of m?
2
Let g(x) = x**2 - 9*x - 8. Let u(c) = -c**2 + 10. Let r be u(0). Let b be g(r). Suppose 3*t - b*n = 29, 3*n = -4*t - 0*t + 16. What is the units digit of t?
7
What is the tens digit of 1470/(-56)*(3 + -35)?
4
Let a(h) = -22*h + 10. Let x be a(5). Let k = -17 - x. What is the units digit of k?
3
Let t = 29 + -20. Let j = 197 - t. What is the hundreds digit of j?
1
Let b(m) = m - 10. Let z be b(15). Suppose -5*c + 6*c + z*i = 159, -3*c + 438 = 2*i. What is the hundreds digit of c?
1
Suppose -19 = -4*j - h + 28, -j - h + 11 = 0. Suppose 3*v - 30 = -j. What is the units digit of (v/(-8))/((-5)/40)?
6
Let r(k) = 2*k**3 - 3*k**3 + 32 - 37 + k**2 + 6*k. Let n be r(2). Let i(v) = 7*v**2 - 7. What is the tens digit of i(n)?
5
Let w = 239 - -702. What is the tens digit of w?
4
Suppose -2*r + 4*s = 2*r + 4, 3*r - 2*s = 2. Suppose r*x = -4*q + 116, 25 + 7 = q - 2*x. What is the units digit of q?
0
Suppose 17238 = 16*v + 950. What is the hundreds digit of v?
0
Let s(i) = i**3 + 6*i**2 - 5*i - 2. Let m be s(-6). Suppose -33*v + 35 = -m*v. What is the units digit of v?
7
Let p = 37 - 27. Suppose -p = 5*r, o + o - 3*r = 206. What is the units digit of o?
0
Let p(k) = 8*k**2 - 155*k - 156*k + 312*k. Suppose 5 + 5 = 5*s. What is the tens digit of p(s)?
3
Let x(z) be the first derivative of -9*z + 1/3*z**3 + 1 + z**2. What is the tens digit of x(-7)?
2
Suppose -5*c - h = -3*h - 20, -c = -5*h - 27. Suppose 4*x - 214 = -5*n, -5*x = c*n - 3*n + 66. What is the units digit of n?
6
Suppose -3*z + 66 = -3*x, -2*z = -3*z - 3*x + 18. Let k be 8/28 - (-99)/z. Suppose 2*f = k*f + 5*v - 122, -5*v - 73 = -2*f. What is the units digit of f?
9
Let m be (-176)/(-33) + 1/(-3). Suppose -m*x = -32 - 163. What is the tens digit of x?
3
Suppose 18 = d - 21. Suppose -i = -98 + d. What is the tens digit of i?
5
Let d = 50 + -29. Suppose -3*q + 5*t = d, 0 = q - 2*q + 4*t - 14. What is the units digit of 0/q + 360/5?
2
Suppose 12*z = -26*z + 199462. What is the units digit of z?
9
Let y(t) = t + 265. Let b be y(0). Let n = b - 148. What is the tens digit of n?
1
Suppose 4 = -2*h + 132. What is the tens digit of h?
6
Let t(o) = o**3 - 6*o**2 + 10*o - 5. Let h be t(5). What is the units digit of (-663)/(-12) - (-15)/h?
6
Let f(q) = 6*q + 1. Let h(c) = -1. Let n(t) = f(t) + 6*h(t). Suppose 16 = 4*v - 6*k + 2*k, 4*k = v - 1. What is the units digit of n(v)?
5
Suppose 7*b - 4*b = 474. Let l = -228 + b. What is the units digit of 14/l + (-482)/(-10)?
8
Let p be (-2 + 4 - (3 + -2))*7. Let r(a) = 0*a**3 + 7 - a**3 - 4*a + 8*a**2 - 3*a. What is the units digit of r(p)?
7
What is the units digit of (-55389)/(-33) - 6/(-11)?
9
What is the hundreds digit of 20/((-3)/(-1) + 1727/(-583))?
5
Let a = -97 + 170. Let f = a + -63. What is the units digit of f?
0
Let o(y) = -y**3 - 9*y**2 - y - 7. Let q be o(-9). Let h(w) = 4*w - 4. Let z be h(q). What is the units digit of (-292)/(-8) - (-2)/z?
7
Suppose -29*d + 34*d = 3*x - 9737, 0 = -2*x + d + 6482. What is the hundreds digit of x?
2
Let r(w) = 2*w**2 - 5*w + 11. Let t be r(5). Let s = 2 + t. What is the tens digit of (s/5)/((-9)/(-45))?
3
Suppose -3*i + y = -6929, -i - i + 4621 = -y. What is the units digit of i?
8
Suppose 2*x + 3*x + 20 = 0. What is the units digit of (-854)/(-6) - x/6?
3
Suppose 5*x = -c + 48 + 26, -3*c = 2*x - 40. Let h be ((-28)/98)/(4/(-14)). Let m = x + h. What is the tens digit of m?
1
Let h be (2/(-6))/((-1)/30). Suppose 0*f + 2*s - 2 = -4*f, 5*f - h = -5*s. Let c = f - -21. What is the units digit of c?
0
What is the thousands digit of (-66381)/(-27) - ((-544)/(-72) - 8)?
2
Let g = 1340 - -115. What is the thousands digit of g?
1
Suppose -k + 605 = 3*o, -5*k + 10*o - 5*o + 3045 = 0. What is the tens digit of k?
0
Let l(d) = 4*d**2 + 1. Let n be 16/20 + (-64)/5. Let m = -13 - n. What is the units digit of l(m)?
5
Suppose 0 = -7*z + 8*z - 660. Suppose -4*c + z = 2*c. What is the tens digit of c?
1
Let r(a) = 6*a - 2. Let n be r(1). Let f be 96/(-56) + n/(-14). What is the units digit of (-1309)/(-49) - f/7?
7
Let n(t) = 5*t**2 - 1. Let h be n(1). Suppose h*z - 21 = 55. What is the tens digit of z?
1
Let z(g) = 54*g + 373. What is the thousands digit of z(17)?
1
Let r = 673 + -216. What is the units digit of r?
7
Suppose 13*c - 96 = 1555. What is the units digit of c?
7
Let i(c) = -c**2 + 9*c - 7. Suppose -3*p + 30 = 5*x, 2*x - 3*x + 3*p + 6 = 0. Let a be i(x). Let f(t) = t**2 - 10*t + 13. What is the units digit of f(a)?
4
Let u = -203 + 346. What is the tens digit of u?
4
Let q(o) = -2*o**3 - 40*o**2 + 11*o - 46. What is the tens digit of q(-21)?
0
Let d(c) = 175*c**3 - c**2 + 4*c - 2. Let u be d(1). Suppose 0 = 4*h - u + 32. What is the tens digit of h?
3
Let p(u) = -u**3 - 9*u**2 - 14*u + 1. Let x be p(-7). What is the units digit of (x + 1)/((70/1239)/5)?
7
Let w(q) = q**3 + 8*q**2 - 10*q + 6. Let k be w(-9). What is the hundreds digit of (-236)/(-2)*k/15?
1
Let y(p) = -p**3 + 18*p**2 - 22*p + 14. Let v be y(15). Suppose 0 = -l - 4, 24 = 3*j + l - v. What is the hundreds digit of j?
1
Suppose -2*v = -115 + 31. Suppose -4*d + v = -386. Let o = d - 63. What is the units digit of o?
4
Suppose k = -2*k - 180. Let h = 4 - k. Let f = 90 - h. What is the units digit of f?
6
Let c(a) = -2*a**2 + 25*a - 22. What is the units digit of c(11)?
1
Let u(h) = 16*h + 16. Let z be u(7). Suppose 5*x - 260 = -5*g, z + 28 = 3*g - 2*x. What is the tens digit of g?
5
Let r(l) = 61*l**2 - 7*l + 3. What is the tens digit of r(-3)?
7
Suppose 4*m = 5*u + 6, -m - 4*m - 5*u + 30 = 0. Let d = -20 - -50. Suppose -a + d = m*a. What is the units digit of a?
6
Suppose 0 = 4*y - 10*y + 168. Let g(q) = q + 10. Let x be g(-7). Suppose -y = -x*o - o. What is the units digit of o?
7
Let b = 18 + -24. Let v = -6 - b. Suppose -4 = -4*x, 5*x - 22